{"id":533,"date":"2025-03-20T09:23:28","date_gmt":"2025-03-20T09:23:28","guid":{"rendered":"http:\/\/localhost:8888\/MAMP\/heka\/?page_id=533"},"modified":"2025-03-28T15:10:29","modified_gmt":"2025-03-28T15:10:29","slug":"carriere","status":"publish","type":"page","link":"https:\/\/www.heka-assurances.com\/index.php\/entreprise\/carriere\/","title":{"rendered":"Carri\u00e8re"},"content":{"rendered":"\n<div class=\"is-layout-constrained wp-container-1 wp-block-group\" style=\"padding-top:var(--wp--preset--spacing--40);padding-right:var(--wp--preset--spacing--50);padding-bottom:0;padding-left:var(--wp--preset--spacing--50)\">\n<h2 class=\"wp-block-heading has-text-align-center hidden-element\"><em>Pourquoi<\/em> nous rejoindre ?<\/h2>\n<\/div>\n\n\n\n<div class=\"is-layout-constrained wp-container-15 wp-block-group\" style=\"padding-top:var(--wp--preset--spacing--50);padding-right:var(--wp--preset--spacing--50);padding-bottom:var(--wp--preset--spacing--50);padding-left:var(--wp--preset--spacing--50)\">\n<div class=\"is-layout-flex wp-container-5 wp-block-columns position-relative\">\n<div class=\"is-layout-flow wp-block-column\" style=\"flex-basis:50%\">\n<figure class=\"wp-block-image size-large hidden-element\" id=\"CarriereImg1\"><img decoding=\"async\" loading=\"lazy\" width=\"1024\" height=\"681\" src=\"https:\/\/www.heka-assurances.com\/wp-content\/uploads\/2025\/02\/glenn-carstens-peters-npxXWgQ33ZQ-unsplash-1024x681.jpg\" alt=\"\" class=\"wp-image-1222\" srcset=\"https:\/\/www.heka-assurances.com\/wp-content\/uploads\/2025\/02\/glenn-carstens-peters-npxXWgQ33ZQ-unsplash-1024x681.jpg 1024w, https:\/\/www.heka-assurances.com\/wp-content\/uploads\/2025\/02\/glenn-carstens-peters-npxXWgQ33ZQ-unsplash-300x200.jpg 300w, https:\/\/www.heka-assurances.com\/wp-content\/uploads\/2025\/02\/glenn-carstens-peters-npxXWgQ33ZQ-unsplash-768x511.jpg 768w, https:\/\/www.heka-assurances.com\/wp-content\/uploads\/2025\/02\/glenn-carstens-peters-npxXWgQ33ZQ-unsplash.jpg 1500w\" sizes=\"(max-width: 1024px) 100vw, 1024px\" \/><\/figure>\n<\/div>\n\n\n\n<div class=\"is-layout-flow wp-block-column\">\n<div id=\"Carriere1\" class=\"is-content-justification-left is-layout-constrained wp-container-3 wp-block-group card card-inverse-logiciels shape-bottom-right hidden-element\" style=\"padding-top:var(--wp--preset--spacing--50);padding-right:var(--wp--preset--spacing--50);padding-bottom:var(--wp--preset--spacing--50);padding-left:var(--wp--preset--spacing--50)\">\n<h3 class=\"wp-block-heading has-text-align-left\">Contribuer au succ\u00e8s d\u2019un Acteur majeur au service de l\u2019assurance<\/h3>\n\n\n\n<ul class=\"wp-block-list\">\n<li class=\"wp-elements-1aa44d94eb36cf0b604455b7e1da176f has-base-color has-text-color has-link-color\">90 clients<\/li>\n\n\n\n<li class=\"wp-elements-076b7e4e46bc67b064a10d2ae444f9b6 has-base-color has-text-color has-link-color\">70 M de CA<\/li>\n\n\n\n<li class=\"wp-elements-1953531b0fe5d8d348a35db93ec84007 has-base-color has-text-color has-link-color\">7 filiales<\/li>\n<\/ul>\n<\/div>\n<\/div>\n<\/div>\n\n\n\n<div class=\"is-layout-flex wp-container-9 wp-block-columns position-relative\">\n<div class=\"is-layout-flow wp-block-column\">\n<div id=\"Carriere2\" class=\"is-content-justification-left is-layout-constrained wp-container-6 wp-block-group card shape-bottom-right hidden-element\" style=\"padding-top:var(--wp--preset--spacing--50);padding-right:var(--wp--preset--spacing--50);padding-bottom:var(--wp--preset--spacing--50);padding-left:var(--wp--preset--spacing--50)\">\n<h3 class=\"wp-block-heading has-text-align-left\">Participer \u00e0 des projets \u00e0 fort enjeux pour le monde de l\u2019assurance<\/h3>\n\n\n\n<ul class=\"wp-block-list\">\n<li>Projet front, middle, back office \u00e0 destination des grands comptes<\/li>\n\n\n\n<li>Visibilit\u00e9 et notori\u00e9t\u00e9 march\u00e9<\/li>\n\n\n\n<li>50 000 J\/H par an sur les projets au sein d\u2019Heka<\/li>\n<\/ul>\n<\/div>\n<\/div>\n\n\n\n<div class=\"is-layout-flow wp-block-column\" style=\"padding-top:var(--wp--preset--spacing--80);padding-bottom:0;flex-basis:50%\">\n<figure class=\"wp-block-image size-large hidden-element\" id=\"CarriereImg2\"><img decoding=\"async\" loading=\"lazy\" width=\"1024\" height=\"683\" src=\"https:\/\/www.heka-assurances.com\/wp-content\/uploads\/2025\/02\/img5-1024x683.png\" alt=\"\" class=\"wp-image-1216\" srcset=\"https:\/\/www.heka-assurances.com\/wp-content\/uploads\/2025\/02\/img5-1024x683.png 1024w, https:\/\/www.heka-assurances.com\/wp-content\/uploads\/2025\/02\/img5-300x200.png 300w, https:\/\/www.heka-assurances.com\/wp-content\/uploads\/2025\/02\/img5-768x512.png 768w, https:\/\/www.heka-assurances.com\/wp-content\/uploads\/2025\/02\/img5.png 1500w\" sizes=\"(max-width: 1024px) 100vw, 1024px\" \/><\/figure>\n<\/div>\n<\/div>\n\n\n\n<div class=\"is-layout-flex wp-container-14 wp-block-columns\">\n<div class=\"is-layout-flow wp-block-column position-relative\">\n<div id=\"Carriere3\" class=\"is-content-justification-left is-layout-constrained wp-container-10 wp-block-group card card-inverse-solutions shape-bottom-left hidden-element\" style=\"padding-top:var(--wp--preset--spacing--50);padding-right:var(--wp--preset--spacing--50);padding-bottom:var(--wp--preset--spacing--50);padding-left:var(--wp--preset--spacing--50)\">\n<h3 class=\"wp-block-heading has-text-align-left\">Int\u00e9grer un grand groupe avec des possibilit\u00e9s d\u2019\u00e9volutions<\/h3>\n\n\n\n<ul class=\"wp-block-list\">\n<li class=\"wp-elements-d0cb058d172d0e7d76d712517633b9d9 has-base-color has-text-color has-link-color\">Diversit\u00e9 des missions, des outils et des technologies utilis\u00e9es<\/li>\n\n\n\n<li class=\"wp-elements-1049f69330314f844505ee89babf1b3a has-base-color has-text-color has-link-color\">Besoin constant de profils vari\u00e9s, comme par exemple&nbsp;: Directeur de mission, consultant, product owner, business analyst, d\u00e9veloppeur,<\/li>\n\n\n\n<li class=\"wp-elements-4d27c104779a07513ed208b49c56bab8 has-base-color has-text-color has-link-color\">Des possibilit\u00e9s de mobilit\u00e9 interne et intra-filiale<\/li>\n<\/ul>\n<\/div>\n<\/div>\n\n\n\n<div class=\"is-layout-flow wp-block-column\">\n<div id=\"Carriere4\" class=\"is-content-justification-left is-layout-constrained wp-container-12 wp-block-group card hidden-element\" style=\"padding-top:var(--wp--preset--spacing--50);padding-right:var(--wp--preset--spacing--50);padding-bottom:var(--wp--preset--spacing--50);padding-left:var(--wp--preset--spacing--50)\">\n<h3 class=\"wp-block-heading\">Notre culture d\u2019entreprise est orient\u00e9e <br>Engagement, Service client et Innovation<\/h3>\n<\/div>\n<\/div>\n<\/div>\n<\/div>\n\n\n\n<div class=\"is-content-justification-center is-layout-flex wp-container-16 wp-block-buttons has-custom-font-size hidden-element has-medium-font-size\" style=\"padding-top:var(--wp--preset--spacing--70);padding-bottom:var(--wp--preset--spacing--70)\">\n<div class=\"wp-block-button\"><a class=\"wp-block-button__link has-contrast-background-color has-background wp-element-button\" href=\"https:\/\/be-ys.taleez.com\/\" target=\"_blank\" rel=\"noreferrer noopener\">Voir nos offres d&#8217;emploi<\/a><\/div>\n<\/div>\n\n\n\n<p><\/p>\n","protected":false},"excerpt":{"rendered":"<p>Pourquoi nous rejoindre ? Contribuer au succ\u00e8s d\u2019un Acteur majeur au service de l\u2019assurance Participer \u00e0 des projets \u00e0 fort [&hellip;]<\/p>\n","protected":false},"author":1,"featured_media":0,"parent":527,"menu_order":0,"comment_status":"closed","ping_status":"closed","template":"","meta":{"site-sidebar-layout":"default","site-content-layout":"","ast-site-content-layout":"default","site-content-style":"default","site-sidebar-style":"default","ast-global-header-display":"","ast-banner-title-visibility":"","ast-main-header-display":"","ast-hfb-above-header-display":"","ast-hfb-below-header-display":"","ast-hfb-mobile-header-display":"","site-post-title":"","ast-breadcrumbs-content":"","ast-featured-img":"","footer-sml-layout":"","ast-disable-related-posts":"","theme-transparent-header-meta":"","adv-header-id-meta":"","stick-header-meta":"","header-above-stick-meta":"","header-main-stick-meta":"","header-below-stick-meta":"","astra-migrate-meta-layouts":"default","ast-page-background-enabled":"default","ast-page-background-meta":{"desktop":{"background-color":"var(--ast-global-color-5)","background-image":"","background-repeat":"repeat","background-position":"center center","background-size":"auto","background-attachment":"scroll","background-type":"","background-media":"","overlay-type":"","overlay-color":"","overlay-opacity":"","overlay-gradient":""},"tablet":{"background-color":"","background-image":"","background-repeat":"repeat","background-position":"center center","background-size":"auto","background-attachment":"scroll","background-type":"","background-media":"","overlay-type":"","overlay-color":"","overlay-opacity":"","overlay-gradient":""},"mobile":{"background-color":"","background-image":"","background-repeat":"repeat","background-position":"center center","background-size":"auto","background-attachment":"scroll","background-type":"","background-media":"","overlay-type":"","overlay-color":"","overlay-opacity":"","overlay-gradient":""}},"ast-content-background-meta":{"desktop":{"background-color":"var(--ast-global-color-4)","background-image":"","background-repeat":"repeat","background-position":"center center","background-size":"auto","background-attachment":"scroll","background-type":"","background-media":"","overlay-type":"","overlay-color":"","overlay-opacity":"","overlay-gradient":""},"tablet":{"background-color":"var(--ast-global-color-4)","background-image":"","background-repeat":"repeat","background-position":"center center","background-size":"auto","background-attachment":"scroll","background-type":"","background-media":"","overlay-type":"","overlay-color":"","overlay-opacity":"","overlay-gradient":""},"mobile":{"background-color":"var(--ast-global-color-4)","background-image":"","background-repeat":"repeat","background-position":"center center","background-size":"auto","background-attachment":"scroll","background-type":"","background-media":"","overlay-type":"","overlay-color":"","overlay-opacity":"","overlay-gradient":""}}},"_links":{"self":[{"href":"https:\/\/www.heka-assurances.com\/index.php\/wp-json\/wp\/v2\/pages\/533"}],"collection":[{"href":"https:\/\/www.heka-assurances.com\/index.php\/wp-json\/wp\/v2\/pages"}],"about":[{"href":"https:\/\/www.heka-assurances.com\/index.php\/wp-json\/wp\/v2\/types\/page"}],"author":[{"embeddable":true,"href":"https:\/\/www.heka-assurances.com\/index.php\/wp-json\/wp\/v2\/users\/1"}],"replies":[{"embeddable":true,"href":"https:\/\/www.heka-assurances.com\/index.php\/wp-json\/wp\/v2\/comments?post=533"}],"version-history":[{"count":24,"href":"https:\/\/www.heka-assurances.com\/index.php\/wp-json\/wp\/v2\/pages\/533\/revisions"}],"predecessor-version":[{"id":2249,"href":"https:\/\/www.heka-assurances.com\/index.php\/wp-json\/wp\/v2\/pages\/533\/revisions\/2249"}],"up":[{"embeddable":true,"href":"https:\/\/www.heka-assurances.com\/index.php\/wp-json\/wp\/v2\/pages\/527"}],"wp:attachment":[{"href":"https:\/\/www.heka-assurances.com\/index.php\/wp-json\/wp\/v2\/media?parent=533"}],"curies":[{"name":"wp","href":"https:\/\/api.w.org\/{rel}","templated":true}]}}