{"id":350,"date":"2025-03-20T08:35:06","date_gmt":"2025-03-20T08:35:06","guid":{"rendered":"http:\/\/localhost:8888\/MAMP\/heka\/?page_id=350"},"modified":"2025-03-20T08:35:06","modified_gmt":"2025-03-20T08:35:06","slug":"tiers-payant","status":"publish","type":"page","link":"https:\/\/www.heka-assurances.com\/index.php\/offres-heka\/services\/tiers-payant\/","title":{"rendered":"Tiers Payant"},"content":{"rendered":"\n<div class=\"is-layout-constrained wp-container-1 wp-block-group has-custom-services-background-color has-background\" style=\"margin-top:0;margin-bottom:0;padding-top:var(--wp--preset--spacing--40);padding-right:var(--wp--preset--spacing--50);padding-bottom:var(--wp--preset--spacing--40);padding-left:var(--wp--preset--spacing--50)\">\n<figure class=\"wp-block-image aligncenter size-full is-resized\"><img decoding=\"async\" loading=\"lazy\" width=\"631\" height=\"636\" src=\"https:\/\/www.heka-assurances.com\/wp-content\/uploads\/2025\/03\/gold.png\" alt=\"\" class=\"wp-image-2028\" style=\"width:52px\" srcset=\"https:\/\/www.heka-assurances.com\/wp-content\/uploads\/2025\/03\/gold.png 631w, https:\/\/www.heka-assurances.com\/wp-content\/uploads\/2025\/03\/gold-298x300.png 298w, https:\/\/www.heka-assurances.com\/wp-content\/uploads\/2025\/03\/gold-150x150.png 150w, https:\/\/www.heka-assurances.com\/wp-content\/uploads\/2025\/03\/gold-75x75.png 75w\" sizes=\"(max-width: 631px) 100vw, 631px\" \/><\/figure>\n\n\n\n<p class=\"wp-elements-86f8e8fc68ab04e128622dc264dcf80e has-text-align-center has-base-color has-text-color has-link-color has-medium-font-size\">Concentrateur de flux et op\u00e9rateur de Tiers Payant <br>pour 20 millions de b\u00e9n\u00e9ficiaires<\/p>\n<\/div>\n\n\n\n<div class=\"is-layout-constrained wp-container-2 wp-block-group\" style=\"padding-top:var(--wp--preset--spacing--40);padding-right:var(--wp--preset--spacing--50);padding-bottom:var(--wp--preset--spacing--60);padding-left:var(--wp--preset--spacing--50)\">\n<h2 class=\"wp-block-heading has-text-align-center hidden-element\"><em>Notre<\/em> Offre <strong>de Tiers Payant<\/strong><\/h2>\n<\/div>\n\n\n\n<div class=\"is-layout-constrained wp-container-8 wp-block-group\" style=\"padding-right:var(--wp--preset--spacing--50);padding-left:var(--wp--preset--spacing--50)\">\n<div class=\"is-layout-flex wp-container-7 wp-block-columns\" id=\"ImgZone\">\n<div class=\"is-layout-flow wp-block-column\" style=\"padding-bottom:0\">\n<figure class=\"wp-block-image size-large hidden-element\"><img decoding=\"async\" loading=\"lazy\" width=\"1024\" height=\"683\" src=\"https:\/\/www.heka-assurances.com\/wp-content\/uploads\/2025\/02\/img3-1024x683.png\" alt=\"\" class=\"wp-image-1214\" srcset=\"https:\/\/www.heka-assurances.com\/wp-content\/uploads\/2025\/02\/img3-1024x683.png 1024w, https:\/\/www.heka-assurances.com\/wp-content\/uploads\/2025\/02\/img3-300x200.png 300w, https:\/\/www.heka-assurances.com\/wp-content\/uploads\/2025\/02\/img3-768x512.png 768w, https:\/\/www.heka-assurances.com\/wp-content\/uploads\/2025\/02\/img3.png 1500w\" sizes=\"(max-width: 1024px) 100vw, 1024px\" \/><\/figure>\n\n\n\n<div id=\"Position1\" class=\"is-content-justification-left is-layout-constrained wp-container-3 wp-block-group card shape-bottom-right\" style=\"padding-top:var(--wp--preset--spacing--50);padding-right:var(--wp--preset--spacing--50);padding-bottom:var(--wp--preset--spacing--50);padding-left:var(--wp--preset--spacing--50)\">\n<h3 class=\"wp-block-heading\">Une marque unique sur le march\u00e9<\/h3>\n\n\n\n<ul class=\"wp-block-list\">\n<li>Le seul op\u00e9rateur de Tiers Payant qui valorise une neutralit\u00e9 industrielle.<\/li>\n\n\n\n<li>Un unique r\u00e9seau de professionnels de sant\u00e9 au service de 20 millions de b\u00e9n\u00e9ficiaires<\/li>\n\n\n\n<li>Solution propri\u00e9taire sur toute la chaine de valeur<\/li>\n<\/ul>\n<\/div>\n\n\n\n<div id=\"Position3\" class=\"is-content-justification-left is-layout-constrained wp-container-4 wp-block-group card card-inverse shape-bottom-right\" style=\"padding-top:var(--wp--preset--spacing--50);padding-right:var(--wp--preset--spacing--50);padding-bottom:var(--wp--preset--spacing--50);padding-left:var(--wp--preset--spacing--50)\">\n<h3 class=\"wp-block-heading\">Digitalisation du processus<\/h3>\n\n\n\n<ul class=\"wp-block-list\">\n<li>Labellisation ROC<\/li>\n\n\n\n<li>Taux de d\u00e9mat\u00e9rialisation de plus de 95% sur tous les actes<\/li>\n\n\n\n<li>Carte de Tiers Payant d\u00e9mat\u00e9rialis\u00e9e<\/li>\n\n\n\n<li>Haute disponibilit\u00e9 24\/7 pour toutes les transactions<\/li>\n<\/ul>\n<\/div>\n\n\n\n<div class=\"is-content-justification-left is-layout-constrained wp-container-5 wp-block-group card shape-top-right\" style=\"padding-top:var(--wp--preset--spacing--50);padding-right:var(--wp--preset--spacing--50);padding-bottom:var(--wp--preset--spacing--50);padding-left:var(--wp--preset--spacing--50)\">\n<h3 class=\"wp-block-heading\">Des services sur-mesure pour les professionnels de sant\u00e9<\/h3>\n\n\n\n<ul class=\"wp-block-list\">\n<li>Animation d\u2019un r\u00e9seau de plus de 325 000 professionnels de sant\u00e9 r\u00e9partis sur l\u2019ensemble du territoire national, y compris dans les DOM.<\/li>\n\n\n\n<li>Gestion pro-active du conventionnement<\/li>\n\n\n\n<li>Respect des engagement Qualit\u00e9 sign\u00e9 dans les conventions<\/li>\n\n\n\n<li>Une plateforme t\u00e9l\u00e9phonique \u00e0 l\u2019\u00e9coute des professionnels de sant\u00e9 (du lundi au vendredi de 8h30 \u00e0 18h30 \/ le samedi de 9 heures \u00e0 17 heures) avec un taux de d\u00e9croch\u00e9 sup\u00e9rieur \u00e0 92% tout au long de l\u2019ann\u00e9e<\/li>\n<\/ul>\n<\/div>\n<\/div>\n<\/div>\n<\/div>\n\n\n\n<div style=\"height:50px\" aria-hidden=\"true\" class=\"wp-block-spacer\"><\/div>\n\n\n\n<div class=\"is-layout-constrained wp-container-13 wp-elements-41e5fb3be589400641ab653f834dac90 wp-block-group bg-shape-bottom-left hidden-element has-base-color has-custom-services-background-color has-text-color has-background has-link-color\" style=\"padding-right:var(--wp--preset--spacing--50);padding-left:var(--wp--preset--spacing--50)\">\n<div class=\"is-layout-flex wp-container-12 wp-block-columns\">\n<div class=\"is-layout-flow wp-elements-a9e03325fe5f0e5070487b2e3fbc544a wp-block-column has-base-color has-text-color has-link-color\">\n<p class=\"wp-elements-7b4239c2f9e0dcb172c35d041e3d95af has-text-align-center has-base-color has-text-color has-link-color\"><strong>Un r\u00e9seau national <\/strong><br><strong>d&rsquo;envergure<\/strong><\/p>\n\n\n\n<p class=\"wp-elements-e5faf331721f1c8a8f0e525d95baf4ca has-text-align-center number has-accent-6-color has-text-color has-link-color has-xx-large-font-size\"><strong>&nbsp;+325 000<\/strong><\/p>\n\n\n\n<p class=\"wp-elements-889788bc2a317f0abdc36e7232baa52e has-text-align-center has-base-color has-text-color has-link-color has-small-font-size\">Nombre de professionnels de sant\u00e9<br><\/p>\n<\/div>\n\n\n\n<div class=\"is-layout-flow wp-elements-8f597e248c04dd974d554134762af0fc wp-block-column has-base-color has-text-color has-link-color\">\n<p class=\"wp-elements-6adfe5dfe30137cf4b7a32704e18417b has-text-align-center has-base-color has-text-color has-link-color\"><strong>Un Tiers Payant <\/strong><br><strong>g\u00e9n\u00e9ralis\u00e9<\/strong><\/p>\n\n\n\n<p class=\"wp-elements-13b71ab37c19a6bb39e36e0faa177a47 has-text-align-center number has-accent-6-color has-text-color has-link-color has-xx-large-font-size\"><strong>24 500<\/strong><\/p>\n\n\n\n<p class=\"wp-elements-b8f80fc278d929413c09dd9a667c01b0 has-text-align-center has-base-color has-text-color has-link-color has-small-font-size\">Nombre de praticiens<\/p>\n<\/div>\n\n\n\n<div class=\"is-layout-flow wp-elements-110ba2556983a172b4b40640a89db1a6 wp-block-column has-base-color has-text-color has-link-color\">\n<p class=\"wp-elements-456ecba5cdbd96dff0df655f97aed165 has-text-align-center has-base-color has-text-color has-link-color\"><strong>Premier r\u00e9seau <\/strong><br><strong>de conventionnement du march\u00e9<\/strong><\/p>\n\n\n\n<p class=\"wp-elements-e205afa132525c099e2693425fa2b892 has-text-align-center number has-accent-6-color has-text-color has-link-color has-xx-large-font-size\"><strong>20 000 000<\/strong><\/p>\n\n\n\n<p class=\"wp-elements-0de99c9c3620eca8894cf489da3a4afc has-text-align-center has-base-color has-text-color has-link-color has-small-font-size\">Nombre de personnes prot\u00e9g\u00e9es<\/p>\n<\/div>\n<\/div>\n<\/div>\n\n\n\n<div class=\"is-layout-constrained wp-container-16 wp-block-group hidden-element\" style=\"padding-right:var(--wp--preset--spacing--50);padding-left:var(--wp--preset--spacing--50)\">\n<h2 class=\"wp-block-heading has-text-align-center\"><em>Nos<\/em> Avantages<\/h2>\n\n\n\n<div style=\"height:32px\" aria-hidden=\"true\" class=\"wp-block-spacer\"><\/div>\n\n\n\n<div class=\"is-layout-flex wp-container-15 wp-block-columns shape-bottom-right hidden-element has-accent-5-background-color has-background\" style=\"border-radius:12px;padding-top:var(--wp--preset--spacing--40);padding-right:var(--wp--preset--spacing--50);padding-bottom:var(--wp--preset--spacing--40);padding-left:var(--wp--preset--spacing--50)\">\n<div class=\"is-layout-flow wp-block-column\" style=\"padding-top:0;padding-right:0;padding-bottom:0;padding-left:0\">\n<p class=\"wp-elements-b329d8758a535edd8a22c049306abc49 has-text-align-center has-contrast-color has-text-color has-link-color\"><strong>Optimisation des co\u00fbts de gestion<\/strong><\/p>\n\n\n\n<p class=\"wp-elements-38a3d38f535edc5a0e7c750e06d52fb3 has-text-align-center has-contrast-color has-text-color has-link-color\"><strong>Am\u00e9lioration du r\u00e9sultat technique<\/strong><\/p>\n\n\n\n<p class=\"wp-elements-0b29e607a3716ef05ee9d63687a997c0 has-text-align-center has-contrast-color has-text-color has-link-color\"><strong>Gestion de la conformit\u00e9<\/strong><\/p>\n\n\n\n<p class=\"wp-elements-891cd307b856e50e55de9e0d489bf9ed has-text-align-center has-contrast-color has-text-color has-link-color\"><strong>Modularit\u00e9<\/strong><\/p>\n<\/div>\n<\/div>\n<\/div>\n\n\n\n<div style=\"height:40px\" aria-hidden=\"true\" class=\"wp-block-spacer\"><\/div>\n\n\n\n<div class=\"is-layout-constrained wp-container-21 wp-block-group\" style=\"padding-right:var(--wp--preset--spacing--50);padding-left:var(--wp--preset--spacing--50)\">\n<h2 class=\"wp-block-heading has-text-align-center hidden-element\"><em>Nos<\/em> Engagements<\/h2>\n\n\n\n<div style=\"height:32px\" aria-hidden=\"true\" class=\"wp-block-spacer\"><\/div>\n\n\n\n<div class=\"is-layout-flex wp-container-20 wp-block-columns\">\n<div class=\"is-layout-flow wp-block-column card shape-bottom-right\" style=\"padding-top:var(--wp--preset--spacing--50);padding-right:var(--wp--preset--spacing--50);padding-bottom:var(--wp--preset--spacing--50);padding-left:var(--wp--preset--spacing--50)\">\n<h3 class=\"wp-block-heading\">Ponctualit\u00e9<\/h3>\n\n\n\n<p>Respects des d\u00e9lais et des \u00e9ch\u00e9ances.<\/p>\n<\/div>\n\n\n\n<div class=\"is-layout-flow wp-block-column card card-inverse shape-bottom-right\" style=\"padding-top:var(--wp--preset--spacing--50);padding-right:var(--wp--preset--spacing--50);padding-bottom:var(--wp--preset--spacing--50);padding-left:var(--wp--preset--spacing--50)\">\n<h3 class=\"wp-block-heading\">Expertise<\/h3>\n\n\n\n<p>Plus de 20 ans d\u2019exp\u00e9rience dans la gestion du tiers payant.<\/p>\n<\/div>\n\n\n\n<div class=\"is-layout-flow wp-block-column card shape-bottom-right\" style=\"padding-top:var(--wp--preset--spacing--50);padding-right:var(--wp--preset--spacing--50);padding-bottom:var(--wp--preset--spacing--50);padding-left:var(--wp--preset--spacing--50)\">\n<h3 class=\"wp-block-heading\">Urbanisation<\/h3>\n\n\n\n<p>Une architecture et des applications up-to-date \u00e9volutives.<\/p>\n<\/div>\n<\/div>\n<\/div>\n","protected":false},"excerpt":{"rendered":"<p>Concentrateur de flux et op\u00e9rateur de Tiers Payant pour 20 millions de b\u00e9n\u00e9ficiaires Notre Offre de Tiers Payant Une marque [&hellip;]<\/p>\n","protected":false},"author":1,"featured_media":0,"parent":335,"menu_order":0,"comment_status":"closed","ping_status":"closed","template":"","meta":{"site-sidebar-layout":"default","site-content-layout":"","ast-site-content-layout":"default","site-content-style":"default","site-sidebar-style":"default","ast-global-header-display":"","ast-banner-title-visibility":"","ast-main-header-display":"","ast-hfb-above-header-display":"","ast-hfb-below-header-display":"","ast-hfb-mobile-header-display":"","site-post-title":"","ast-breadcrumbs-content":"","ast-featured-img":"","footer-sml-layout":"","ast-disable-related-posts":"","theme-transparent-header-meta":"","adv-header-id-meta":"","stick-header-meta":"","header-above-stick-meta":"","header-main-stick-meta":"","header-below-stick-meta":"","astra-migrate-meta-layouts":"default","ast-page-background-enabled":"default","ast-page-background-meta":{"desktop":{"background-color":"var(--ast-global-color-5)","background-image":"","background-repeat":"repeat","background-position":"center center","background-size":"auto","background-attachment":"scroll","background-type":"","background-media":"","overlay-type":"","overlay-color":"","overlay-opacity":"","overlay-gradient":""},"tablet":{"background-color":"","background-image":"","background-repeat":"repeat","background-position":"center center","background-size":"auto","background-attachment":"scroll","background-type":"","background-media":"","overlay-type":"","overlay-color":"","overlay-opacity":"","overlay-gradient":""},"mobile":{"background-color":"","background-image":"","background-repeat":"repeat","background-position":"center center","background-size":"auto","background-attachment":"scroll","background-type":"","background-media":"","overlay-type":"","overlay-color":"","overlay-opacity":"","overlay-gradient":""}},"ast-content-background-meta":{"desktop":{"background-color":"var(--ast-global-color-4)","background-image":"","background-repeat":"repeat","background-position":"center center","background-size":"auto","background-attachment":"scroll","background-type":"","background-media":"","overlay-type":"","overlay-color":"","overlay-opacity":"","overlay-gradient":""},"tablet":{"background-color":"var(--ast-global-color-4)","background-image":"","background-repeat":"repeat","background-position":"center center","background-size":"auto","background-attachment":"scroll","background-type":"","background-media":"","overlay-type":"","overlay-color":"","overlay-opacity":"","overlay-gradient":""},"mobile":{"background-color":"var(--ast-global-color-4)","background-image":"","background-repeat":"repeat","background-position":"center center","background-size":"auto","background-attachment":"scroll","background-type":"","background-media":"","overlay-type":"","overlay-color":"","overlay-opacity":"","overlay-gradient":""}}},"_links":{"self":[{"href":"https:\/\/www.heka-assurances.com\/index.php\/wp-json\/wp\/v2\/pages\/350"}],"collection":[{"href":"https:\/\/www.heka-assurances.com\/index.php\/wp-json\/wp\/v2\/pages"}],"about":[{"href":"https:\/\/www.heka-assurances.com\/index.php\/wp-json\/wp\/v2\/types\/page"}],"author":[{"embeddable":true,"href":"https:\/\/www.heka-assurances.com\/index.php\/wp-json\/wp\/v2\/users\/1"}],"replies":[{"embeddable":true,"href":"https:\/\/www.heka-assurances.com\/index.php\/wp-json\/wp\/v2\/comments?post=350"}],"version-history":[{"count":39,"href":"https:\/\/www.heka-assurances.com\/index.php\/wp-json\/wp\/v2\/pages\/350\/revisions"}],"predecessor-version":[{"id":2250,"href":"https:\/\/www.heka-assurances.com\/index.php\/wp-json\/wp\/v2\/pages\/350\/revisions\/2250"}],"up":[{"embeddable":true,"href":"https:\/\/www.heka-assurances.com\/index.php\/wp-json\/wp\/v2\/pages\/335"}],"wp:attachment":[{"href":"https:\/\/www.heka-assurances.com\/index.php\/wp-json\/wp\/v2\/media?parent=350"}],"curies":[{"name":"wp","href":"https:\/\/api.w.org\/{rel}","templated":true}]}}